{"id":58,"date":"2019-01-24T15:05:18","date_gmt":"2019-01-24T17:05:18","guid":{"rendered":"http:\/\/www.pisolucoes.com.br\/?page_id=58"},"modified":"2019-01-24T16:41:28","modified_gmt":"2019-01-24T18:41:28","slug":"desenvolvimento-de-software","status":"publish","type":"page","link":"https:\/\/www.pisolucoes.com.br\/?page_id=58","title":{"rendered":"Desenvolvimento de Software"},"content":{"rendered":"\n<p>A Pi Solu\u00e7\u00f5es desenvolve sistemas sob medida de acordo com a necessidade de sua empresa. <\/p>\n\n\n\n<p>Com foco principal em sistemas de gest\u00e3o, iniciamos nosso trabalho com o levantamento de requisitos e necessidades do cen\u00e1rio do cliente. Por meio de <em>sprints<\/em>, fazemos o desenvolvimento, teste, libera\u00e7\u00e3o em produ\u00e7\u00e3o e treinamento dos usu\u00e1rios. <\/p>\n\n\n\n<p>A possibilidade de desenvolver um sistema sob medida \u00e9 interessante para empresas de pequeno e m\u00e9dio porte que possuem processos espec\u00edficos e para os quais os softwares de mercado n\u00e3o possuem uma solu\u00e7\u00e3o a pronta entrega. <\/p>\n\n\n\n<p>Utilizamos tecnologia .NET Microsoft, desenvolvendo em C# e ASP.NET. <\/p>\n","protected":false},"excerpt":{"rendered":"<p>A Pi Solu\u00e7\u00f5es desenvolve sistemas sob medida de acordo com a necessidade de sua empresa. Com foco principal em sistemas de gest\u00e3o, iniciamos nosso trabalho com o levantamento de requisitos e necessidades do cen\u00e1rio do cliente. Por meio de sprints, fazemos o desenvolvimento, teste, libera\u00e7\u00e3o em produ\u00e7\u00e3o e treinamento dos usu\u00e1rios. A possibilidade de desenvolver [&hellip;]<\/p>\n","protected":false},"author":1,"featured_media":20,"parent":4724,"menu_order":0,"comment_status":"closed","ping_status":"closed","template":"","meta":{"content-type":"","footnotes":""},"class_list":["post-58","page","type-page","status-publish","has-post-thumbnail","hentry"],"_links":{"self":[{"href":"https:\/\/www.pisolucoes.com.br\/index.php?rest_route=\/wp\/v2\/pages\/58","targetHints":{"allow":["GET"]}}],"collection":[{"href":"https:\/\/www.pisolucoes.com.br\/index.php?rest_route=\/wp\/v2\/pages"}],"about":[{"href":"https:\/\/www.pisolucoes.com.br\/index.php?rest_route=\/wp\/v2\/types\/page"}],"author":[{"embeddable":true,"href":"https:\/\/www.pisolucoes.com.br\/index.php?rest_route=\/wp\/v2\/users\/1"}],"replies":[{"embeddable":true,"href":"https:\/\/www.pisolucoes.com.br\/index.php?rest_route=%2Fwp%2Fv2%2Fcomments&post=58"}],"version-history":[{"count":1,"href":"https:\/\/www.pisolucoes.com.br\/index.php?rest_route=\/wp\/v2\/pages\/58\/revisions"}],"predecessor-version":[{"id":59,"href":"https:\/\/www.pisolucoes.com.br\/index.php?rest_route=\/wp\/v2\/pages\/58\/revisions\/59"}],"up":[{"embeddable":true,"href":"https:\/\/www.pisolucoes.com.br\/index.php?rest_route=\/wp\/v2\/pages\/4724"}],"wp:featuredmedia":[{"embeddable":true,"href":"https:\/\/www.pisolucoes.com.br\/index.php?rest_route=\/wp\/v2\/media\/20"}],"wp:attachment":[{"href":"https:\/\/www.pisolucoes.com.br\/index.php?rest_route=%2Fwp%2Fv2%2Fmedia&parent=58"}],"curies":[{"name":"wp","href":"https:\/\/api.w.org\/{rel}","templated":true}]}}