{"id":4726,"date":"2016-12-26T06:02:06","date_gmt":"2016-12-26T06:02:06","guid":{"rendered":"http:\/\/localhost\/winsome\/?page_id=4726"},"modified":"2019-01-24T16:46:13","modified_gmt":"2019-01-24T18:46:13","slug":"247-support","status":"publish","type":"page","link":"https:\/\/www.pisolucoes.com.br\/?page_id=4726","title":{"rendered":"Consultoria de Processos"},"content":{"rendered":"<p>Realizamos a an\u00e1lise de processos da empresa para identificar pontos problem\u00e1ticos ou deficit\u00e1rios e propor melhorias, visando a otimiza\u00e7\u00e3o de recursos e melhora da produtividade.<\/p>\n","protected":false},"excerpt":{"rendered":"<p>Realizamos a an\u00e1lise de processos da empresa para identificar pontos problem\u00e1ticos ou deficit\u00e1rios e propor melhorias, visando a otimiza\u00e7\u00e3o de recursos e melhora da produtividade.<\/p>\n","protected":false},"author":1,"featured_media":0,"parent":4724,"menu_order":0,"comment_status":"closed","ping_status":"closed","template":"","meta":{"content-type":"","footnotes":""},"class_list":["post-4726","page","type-page","status-publish","hentry"],"_links":{"self":[{"href":"https:\/\/www.pisolucoes.com.br\/index.php?rest_route=\/wp\/v2\/pages\/4726","targetHints":{"allow":["GET"]}}],"collection":[{"href":"https:\/\/www.pisolucoes.com.br\/index.php?rest_route=\/wp\/v2\/pages"}],"about":[{"href":"https:\/\/www.pisolucoes.com.br\/index.php?rest_route=\/wp\/v2\/types\/page"}],"author":[{"embeddable":true,"href":"https:\/\/www.pisolucoes.com.br\/index.php?rest_route=\/wp\/v2\/users\/1"}],"replies":[{"embeddable":true,"href":"https:\/\/www.pisolucoes.com.br\/index.php?rest_route=%2Fwp%2Fv2%2Fcomments&post=4726"}],"version-history":[{"count":1,"href":"https:\/\/www.pisolucoes.com.br\/index.php?rest_route=\/wp\/v2\/pages\/4726\/revisions"}],"predecessor-version":[{"id":5224,"href":"https:\/\/www.pisolucoes.com.br\/index.php?rest_route=\/wp\/v2\/pages\/4726\/revisions\/5224"}],"up":[{"embeddable":true,"href":"https:\/\/www.pisolucoes.com.br\/index.php?rest_route=\/wp\/v2\/pages\/4724"}],"wp:attachment":[{"href":"https:\/\/www.pisolucoes.com.br\/index.php?rest_route=%2Fwp%2Fv2%2Fmedia&parent=4726"}],"curies":[{"name":"wp","href":"https:\/\/api.w.org\/{rel}","templated":true}]}}